{"id":3746,"date":"2022-06-06T08:28:04","date_gmt":"2022-06-06T13:28:04","guid":{"rendered":"https:\/\/www.distribuidorarspty.com\/?post_type=product&#038;p=3746"},"modified":"2022-07-28T17:28:31","modified_gmt":"2022-07-28T22:28:31","slug":"cesped-sintetico-deporivo","status":"publish","type":"product","link":"https:\/\/www.distribuidorarspty.com\/?product=cesped-sintetico-deporivo","title":{"rendered":"C\u00e9sped deportivo"},"content":{"rendered":"<p>Instalamos c\u00e9sped sint\u00e9tico para superficies de alto rendimiento con los certificados y homologaciones m\u00e1s importantes del mercado.<\/p>\n<p>Utilizamos c\u00e9sped sint\u00e9tico deportivo que cumple con los est\u00e1ndares de FIFA.<\/p>\n<p>Es importante considerar que no todos los sistemas de c\u00e9sped artificial que se ofrecen en el mercado tienen las mismas condiciones de duraci\u00f3n, comodidad y el comportamiento adecuado entre la superficie, el bal\u00f3n y los jugadores. FIFA solamente reconoce como \u00abfootball turf\u00bb aquellos productos que pasan las pruebas de sus est\u00e1ndares FIFA Quality y FIFA Quality PRO.<\/p>\n<p>Nuestra l\u00ednea de c\u00e9sped es utilizada para instalaciones de:<\/p>\n<p>\u272a Canchas de beisbol<br \/>\n\u272a Canchas de f\u00fatbol<br \/>\n\u272a Canchas de golf<br \/>\n\u272a Canchas de tenis<br \/>\n\u272a Canchas de p\u00e1del<\/p>\n","protected":false},"excerpt":{"rendered":"<p>Costo sujeto a cotizaci\u00f3n.<\/p>\n","protected":false},"featured_media":3756,"template":"","meta":{"_coblocks_attr":"","_coblocks_dimensions":"","_coblocks_responsive_height":"","_coblocks_accordion_ie_support":""},"product_cat":[104],"product_tag":[113],"acf":[],"_links":{"self":[{"href":"https:\/\/www.distribuidorarspty.com\/index.php?rest_route=\/wp\/v2\/product\/3746"}],"collection":[{"href":"https:\/\/www.distribuidorarspty.com\/index.php?rest_route=\/wp\/v2\/product"}],"about":[{"href":"https:\/\/www.distribuidorarspty.com\/index.php?rest_route=\/wp\/v2\/types\/product"}],"wp:featuredmedia":[{"embeddable":true,"href":"https:\/\/www.distribuidorarspty.com\/index.php?rest_route=\/wp\/v2\/media\/3756"}],"wp:attachment":[{"href":"https:\/\/www.distribuidorarspty.com\/index.php?rest_route=%2Fwp%2Fv2%2Fmedia&parent=3746"}],"wp:term":[{"taxonomy":"product_cat","embeddable":true,"href":"https:\/\/www.distribuidorarspty.com\/index.php?rest_route=%2Fwp%2Fv2%2Fproduct_cat&post=3746"},{"taxonomy":"product_tag","embeddable":true,"href":"https:\/\/www.distribuidorarspty.com\/index.php?rest_route=%2Fwp%2Fv2%2Fproduct_tag&post=3746"}],"curies":[{"name":"wp","href":"https:\/\/api.w.org\/{rel}","templated":true}]}}