{"id":4415,"date":"2022-07-28T17:30:59","date_gmt":"2022-07-28T22:30:59","guid":{"rendered":"https:\/\/www.distribuidorarspty.com\/?post_type=product&#038;p=4415"},"modified":"2022-07-28T17:43:24","modified_gmt":"2022-07-28T22:43:24","slug":"canchas-de-multideportivas","status":"publish","type":"product","link":"https:\/\/www.distribuidorarspty.com\/?product=canchas-de-multideportivas","title":{"rendered":"Canchas de multideportivas"},"content":{"rendered":"<p>Nuestras canchas multideportivas son hechas en estructuras met\u00e1licas y reciben tratamiento anticorrosivo especial para exteriores. Adem\u00e1s, cuentan con vidrio templado, puertas de acceso e iluminaci\u00f3n.<\/p>\n<p>Son creadas a las necesidades del proyecto, implementando variedad de superficies deportivas como c\u00e9sped, resina, etc.<\/p>\n<p>Canchas multideportivas adaptadas para diversos deportes como: p\u00e1del, padbol, f\u00fatbol, f\u00fatbol sala, baloncesto, pickball, juegos en patines, b\u00e1dminton, etc.<\/p>\n","protected":false},"excerpt":{"rendered":"<p>Costo sujeto a cotizaci\u00f3n.<\/p>\n","protected":false},"featured_media":4416,"template":"","meta":{"_coblocks_attr":"","_coblocks_dimensions":"","_coblocks_responsive_height":"","_coblocks_accordion_ie_support":""},"product_cat":[116],"product_tag":[103],"acf":[],"_links":{"self":[{"href":"https:\/\/www.distribuidorarspty.com\/index.php?rest_route=\/wp\/v2\/product\/4415"}],"collection":[{"href":"https:\/\/www.distribuidorarspty.com\/index.php?rest_route=\/wp\/v2\/product"}],"about":[{"href":"https:\/\/www.distribuidorarspty.com\/index.php?rest_route=\/wp\/v2\/types\/product"}],"wp:featuredmedia":[{"embeddable":true,"href":"https:\/\/www.distribuidorarspty.com\/index.php?rest_route=\/wp\/v2\/media\/4416"}],"wp:attachment":[{"href":"https:\/\/www.distribuidorarspty.com\/index.php?rest_route=%2Fwp%2Fv2%2Fmedia&parent=4415"}],"wp:term":[{"taxonomy":"product_cat","embeddable":true,"href":"https:\/\/www.distribuidorarspty.com\/index.php?rest_route=%2Fwp%2Fv2%2Fproduct_cat&post=4415"},{"taxonomy":"product_tag","embeddable":true,"href":"https:\/\/www.distribuidorarspty.com\/index.php?rest_route=%2Fwp%2Fv2%2Fproduct_tag&post=4415"}],"curies":[{"name":"wp","href":"https:\/\/api.w.org\/{rel}","templated":true}]}}