{"id":4465,"date":"2022-08-30T11:06:36","date_gmt":"2022-08-30T16:06:36","guid":{"rendered":"https:\/\/www.distribuidorarspty.com\/?post_type=product&#038;p=4465"},"modified":"2022-08-30T11:20:06","modified_gmt":"2022-08-30T16:20:06","slug":"losa-roraima-con-bisel-de-colores","status":"publish","type":"product","link":"https:\/\/www.distribuidorarspty.com\/?product=losa-roraima-con-bisel-de-colores","title":{"rendered":"Losa Roraima con bisel de colores"},"content":{"rendered":"<p>Losa Roraima con bisel de colores por m2<\/p>\n<p>\u272a Medidas\u00a0 50 x 50 x 4cm<br \/>\n\u272a Espesores: 2 cm \/ 4 cm<br \/>\n\u272a Precios por cada Metro Cuadrado.<\/p>\n<p>\u272a Variedad de colores.<br \/>\n\u272a Adaptables a cualquier superficie.<br \/>\n\u272a De f\u00e1cil instalaci\u00f3n.<br \/>\n\u272a Alta resistencia y durabilidad.<br \/>\n\u272a Gran amortiguaci\u00f3n<br \/>\n\u272a Absorci\u00f3n de impactos<br \/>\n\u272a Antideslizantes, reducci\u00f3n de ca\u00eddas.<\/p>\n<p style=\"text-align: justify;\">Las losas Roraima fueron especialmente dise\u00f1adas para espacios exteriores ya que fueron concebidas con una superficie de acabado r\u00fastico de apariencia m\u00e1s natural, ofrece beneficios antideslizantes y excelente amortiguaci\u00f3n de impactos. Perfecta para \u00e1reas de juegos, parques infantiles, \u00e1rea de piscinas y cualquier otro espacio que requiera este aspecto en su decoraci\u00f3n.<\/p>\n","protected":false},"excerpt":{"rendered":"<p>Losa de caucho 50 x 50 x 2cm<br \/>\nCon bisel de colores.<\/p>\n","protected":false},"featured_media":4466,"template":"","meta":{"_coblocks_attr":"","_coblocks_dimensions":"","_coblocks_responsive_height":"","_coblocks_accordion_ie_support":""},"product_cat":[90],"product_tag":[95,121],"acf":[],"_links":{"self":[{"href":"https:\/\/www.distribuidorarspty.com\/index.php?rest_route=\/wp\/v2\/product\/4465"}],"collection":[{"href":"https:\/\/www.distribuidorarspty.com\/index.php?rest_route=\/wp\/v2\/product"}],"about":[{"href":"https:\/\/www.distribuidorarspty.com\/index.php?rest_route=\/wp\/v2\/types\/product"}],"wp:featuredmedia":[{"embeddable":true,"href":"https:\/\/www.distribuidorarspty.com\/index.php?rest_route=\/wp\/v2\/media\/4466"}],"wp:attachment":[{"href":"https:\/\/www.distribuidorarspty.com\/index.php?rest_route=%2Fwp%2Fv2%2Fmedia&parent=4465"}],"wp:term":[{"taxonomy":"product_cat","embeddable":true,"href":"https:\/\/www.distribuidorarspty.com\/index.php?rest_route=%2Fwp%2Fv2%2Fproduct_cat&post=4465"},{"taxonomy":"product_tag","embeddable":true,"href":"https:\/\/www.distribuidorarspty.com\/index.php?rest_route=%2Fwp%2Fv2%2Fproduct_tag&post=4465"}],"curies":[{"name":"wp","href":"https:\/\/api.w.org\/{rel}","templated":true}]}}